?
False
Does 259 divide 529856124?
False
Is 1093528230 a multiple of 3103?
True
Does 34 divide 3114974?
False
Is 14 a factor of 5872333894?
True
Is 48559440 a multiple of 276?
True
Is 236578032 a multiple of 12?
True
Is 492403803 a multiple of 443?
True
Does 240 divide 87048720?
True
Does 228 divide 41817936?
True
Is 46 a factor of 22349560?
True
Is 1007888865 a multiple of 69?
True
Does 286 divide 1225949582?
True
Does 6 divide 15197561?
False
Is 6 a factor of 65339208?
True
Does 24 divide 156026852?
False
Is 84132774 a multiple of 4?
False
Is 7766760 a multiple of 295?
True
Does 2044 divide 43061658?
False
Is 114354621 a multiple of 348?
False
Is 650028079 a multiple of 28?
False
Is 142059622 a multiple of 2281?
False
Is 42365171 a multiple of 61?
True
Is 2280126 a multiple of 1758?
True
Is 1461600355 a multiple of 142?
False
Is 1490 a factor of 2339002731?
False
Is 56 a factor of 268725154?
False
Does 7 divide 97683894?
True
Is 125 a factor of 16552200?
False
Does 1483 divide 17595761?
False
Does 4 divide 282688610?
False
Is 277609679 a multiple of 172?
False
Does 155 divide 2268829085?
True
Does 485 divide 44220360?
True
Is 44 a factor of 58784616?
True
Is 285 a factor of 11958109?
False
Is 22738592 a multiple of 149?
True
Is 408198860 a multiple of 5?
True
Does 4965 divide 271242915?
True
Does 900 divide 26177400?
True
Does 547 divide 18169699?
True
Is 331 a factor of 22008356?
False
Does 1032 divide 39133440?
True
Is 2 a factor of 92611632?
True
Is 6 a factor of 10348503?
False
Is 3066 a factor of 52551240?
True
Is 32 a factor of 198335893?
False
Is 35506407 a multiple of 16?
False
Is 1889 a factor of 22603774?
True
Is 158 a factor of 15734695?
False
Does 7 divide 552018521?
False
Is 186481152 a multiple of 36?
True
Is 145 a factor of 30551935?
True
Is 545327310 a multiple of 33?
True
Is 3 a factor of 164194095?
True
Is 5115263 a multiple of 36?
False
Is 1401581424 a multiple of 523?
True
Does 1219 divide 2005615824?
True
Is 4363563062 a multiple of 92?
False
Is 588 a factor of 14498314?
False
Is 142 a factor of 15902968?
False
Does 91 divide 284105578?
False
Does 10 divide 105383150?
True
Is 457132248 a multiple of 1041?
True
Is 16802032 a multiple of 18?
False
Does 8 divide 128322646?
False
Is 162842803 a multiple of 1272?
False
Is 70625475 a multiple of 1065?
True
Is 38751024 a multiple of 442?
True
Is 831993325 a multiple of 8275?
True
Is 2 a factor of 6771152?
True
Is 4619 a factor of 320438506?
True
Does 785 divide 932296615?
True
Is 62890820 a multiple of 43?
False
Is 11 a factor of 175924647?
False
Is 2192341 a multiple of 56?
False
Does 13 divide 4086356507?
False
Does 2550 divide 1851300?
True
Does 10 divide 16556379?
False
Is 780 a factor of 3379339755?
False
Is 138 a factor of 61735290?
False
Does 22 divide 300366?
True
Does 89 divide 377733088?
True
Is 10294988 a multiple of 1826?
True
Is 83 a factor of 462303028?
True
Is 2705138532 a multiple of 51?
True
Does 20 divide 234251460?
True
Does 25 divide 379232450?
True
Is 224800472 a multiple of 1937?
True
Is 4 a factor of 130848388?
True
Is 377633047 even?
False
Does 931 divide 107667845?
False
Is 175950700 a multiple of 107?
False
Is 6962759 a multiple of 2141?
False
Does 216 divide 42909696?
True
Is 505 a factor of 106425149?
False
Does 4 divide 85270563?
False
Is 307625881 a multiple of 37?
True
Is 104 a factor of 3104509304?
True
Is 1810 a factor of 2326003722?
False
Is 491744 a multiple of 32?
True
Is 12629774 a multiple of 130?
False
Is 335 a factor of 61472835?
True
Does 298 divide 1803315340?
False
Is 135 a factor of 454392720?
True
Is 5 a factor of 254021863?
False
Is 515444227 a multiple of 384?
False
Is 94 a factor of 337386863?
False
Does 209 divide 18575502?
True
Is 329838064 a multiple of 1009?
True
Is 298 a factor of 5099257?
False
Does 438 divide 50636304?
True
Is 840250040 a multiple of 31?
True
Does 27 divide 693128871?
False
Does 20 divide 1015307127?
False
Is 103901896 a multiple of 3973?
True
Is 982 a factor of 61103968?
True
Does 3 divide 2784312?
True
Is 1163 a factor of 131258506?
True
Is 94 a factor of 255671352?
True
Does 19 divide 9144111?
True
Is 547 a factor of 92049160?
True
Is 3260 a factor of 126576020?
True
Is 46668479 a multiple of 651?
False
Does 160 divide 86179430?
False
Is 9346155 a multiple of 455?
True
Does 32 divide 906770375?
False
Is 110 a factor of 42815314?
False
Is 226 a factor of 19003888?
True
Is 5 a factor of 30085345?
True
Does 369 divide 1716085791?
True
Does 142 divide 939036092?
False
Is 12870600 a multiple of 57?
True
Is 19 a factor of 4771661?
False
Is 21724358 a multiple of 30?
False
Is 418 a factor of 713001410?
True
Is 157 a factor of 46026434?
True
Is 2043 a factor of 27631535?
False
Is 263176404 a multiple of 648?
False
Is 465349108 a multiple of 32?
False
Is 692 a factor of 981621376?
True
Does 370 divide 1018770950?
True
Is 12 a factor of 18538835?
False
Is 82104698 a multiple of 37?
False
Is 33 a factor of 412372485?
False
Does 738 divide 446083617?
False
Is 52338621 even?
False
Does 169 divide 14413334?
True
Is 378093946 a multiple of 2846?
True
Is 7610520 a multiple of 629?
False
Is 7843485 a multiple of 741?
True
Is 949450890 a multiple of 597?
True
Does 16 divide 55961862?
False
Does 810 divide 271942704?
False
Is 185952012 a multiple of 57?
True
Is 54 a factor of 4855701?
False
Does 1762 divide 21626017?
False
Is 613 a factor of 2017996?
True
Does 16 divide 254173888?
True
Does 8 divide 339613552?
True
Does 2402 divide 1185430236?
True
Is 810 a factor of 1435669527?
False
Does 4 divide 12211019?
False
Does 79 divide 106367101?
True
Is 1249 a factor of 26643048?
False
Is 141755920 a multiple of 6?
False
Is 416561669 a multiple of 364?
False
Is 1696468300 a multiple of 1081?
False
Is 1206950607 a multiple of 15?
False
Is 45236648 a multiple of 4?
True
Is 1929384693 a multiple of 6164?
False
Is 1829 a factor of 298156754?
False
Does 2981 divide 2722030279?
False
Is 35 a factor of 2228703?
False
Is 111907800 a multiple of 120?
True
Does 29 divide 202889618?
False
Is 116 a factor of 3998402?
False
Is 1051306489 a multiple of 24?
False
Is 11 a factor of 38035383?
False
Is 2081872 a multiple of 9?
False
Does 18 divide 1049396112?
True
Is 12225221 a multiple of 20?
False
Is 2555 a factor of 2156077630?
True
Is 932493304 a multiple of 1722?
False
Does 839 divide 85653579?
False
Does 76 divide 185723870?
False
Does 36 divide 155866068?
True
Does 6 divide 874488?
True
Is 14 a factor of 73120306?
True
Is 1277 a factor of 12340928?
True
Is 27 a factor of 17388762?
False
Is 25153909 a multiple of 34?
False
Is 12592213 a multiple of 10?
False
Does 388 divide 959129792?
True
Is 12 a factor of 420449102?
False
Does 60 divide 62809080?
True
Does 2440 divide 53950840?
True
Does 16 divide 1678605792?
True
Is 1613 a factor of 82442043?
True
Is 43867978 a multiple of 223?
False
Is 55775521 a multiple of 199?
True
Does 522 divide 318985408?
False
Is 227 a factor of 22760836?
True
Is 77489292 a multiple of 2045?
False
Is 34989846 a multiple of 439?
False
Is 167 a factor of 3853905654?
False
Is 1114 a factor of 23284375?
False
Does 35 divide 2810143345?
False
Does 79 divide 28845033?
True
Is 160671326 a multiple of 345?
False
Does 278 divide 216654562?
False
Is 201 a factor of 1972815?
True
Is 183797326 a multiple of 31?
True
Is 710 a factor of 114713990?
True
Is 24065830 a multiple of 264?
False
Does 15 divide 587515?
False
Does 9 divide 1628370?
True
Is 49 a factor of 604414368?
False
Is 16 a factor of 75035520?
True
Does 10 divide 137014070?
True
Is 2453793212 a multiple of 13?
True
Does 16 divide 45096712?
False
Does 1946 divide 3664318?
True
Does 157 divide 256364684?
False
Is 3815358 a multiple of 2?
True
Is 1223 a factor of 79711471?
True
Is 405580938 a multiple of 287?
True
Is 823079091 a multiple of 10?
False
Is 1748463600 a multiple of 969?
True
Does 48 divide 5474784?
True
Is 2089205914 a multiple of 4?
False
Does 3 divide 3702084?
True
Is 29527890 a multiple of 98?
True
Is 43505749 a multiple of 427?
True
Is 60 a factor of 374016120?
True
Is 27821769 a multiple of 67?
False
Is 40 a factor of 196515760?
True
Is 40078001 a multiple of 22?
False
Is 45025500 a multiple of 390?
True
Does 323 divide 34068102?
True
Is 32 a f